{"id":358,"date":"2015-08-12T12:27:19","date_gmt":"2015-08-12T12:27:19","guid":{"rendered":"http:\/\/savoy.nordicmade.com\/?page_id=358"},"modified":"2018-06-04T13:46:34","modified_gmt":"2018-06-04T13:46:34","slug":"impressum","status":"publish","type":"page","link":"https:\/\/sst-augsburg.de\/cms\/impressum\/","title":{"rendered":"Impressum"},"content":{"rendered":"<section class=\"wpb-content-wrapper\"><p>[vc_row type=&#8221;boxed&#8221;][vc_column][vc_empty_space height=&#8221;47px&#8221;][\/vc_column][\/vc_row][vc_row type=&#8221;boxed&#8221;][vc_column width=&#8221;1\/4&#8243; offset=&#8221;vc_col-sm-offset-1&#8243;][vc_column_text]<\/p>\n<h3>Impressum<\/h3>\n<p>[\/vc_column_text][vc_empty_space height=&#8221;17px&#8221;][\/vc_column][vc_column width=&#8221;7\/12&#8243;][vc_column_text]<\/p>\n<div class=\"col-xs-12 col-sm-12 col-md-12 col-lg-12 \">\n<p>Schlo\u00df &amp; Sicherheitstechnik Wanzel Erwin e. K.<br \/>\nS\u00fcdtiroler Stra\u00dfe 25<br \/>\n86165 Augsburg<\/p>\n<p>Telefon: +49 821 722020<br \/>\nTelefax: +49 821\u00a0 722018<br \/>\nInternet: www.sst-augsburg.de<br \/>\nE-Mail: sicherheit@sst-augsburg.de<br \/>\n<span class=\"st\"> USt-IdNr.<\/span>\u00a0DE302142519<\/p>\n<p><a id=\"eztoc239425_0_1\" name=\"eztoc239425_0_1\"><\/a><\/p>\n<h3>Haftungshinweis:<\/h3>\n<p>F\u00fcr den Inhalt der verlinkten Seiten sind ausschlie\u00dflich deren Betreiber verantwortlich.<\/p>\n<\/div>\n<div class=\"clearfix\"><\/div>\n<div class=\"col-xs-12 col-sm-12 col-md-12 col-lg-12 \">\n<h3>Verwendung der Webseite<\/h3>\n<p>Die Informationen auf der Webseite www.sst-augsburg.de k\u00f6nnen ohne vorherige Ank\u00fcndigung jederzeit ge\u00e4ndert oder aktualisiert werden. Soweit nicht ausdr\u00fccklich anderweitig erkl\u00e4rt, enth\u00e4lt die Website keinerlei Zusicherungen oder Gew\u00e4hrleistungen &#8211; sei es ausdr\u00fccklich oder stillschweigend &#8211; auch nicht hinsichtlich der Aktualit\u00e4t, Korrektheit, Vollst\u00e4ndigkeit und Qualit\u00e4t der Informationen.<br \/>\nSchlo\u00df &amp; Sicherheitstechnik Wanzel Erwin e. K. \u00fcbernimmt keine Haftung im Zusammenhang mit ihrer Webseite. Dies betrifft z. B. auch etwaige \u00dcbertragungsfehler von Schriftst\u00fccken, unbefugte Ver\u00e4nderung der Angaben auf dem Server durch Dritte oder Irrt\u00fcmer bei Dokumenten. Eine Haftung f\u00fcr jegliche unmittelbaren oder mittelbaren Sch\u00e4den, Schadenersatzforderungen, Folgesch\u00e4den gleich welcher Art und aus welchem Rechtsgrund, die durch Ihren Zugriff oder die Verwendung der Schlo\u00df &amp; Sicherheitstechnik Wanzel Erwin e. K. Website entstehen, insbesondere auch durch Infizierung Ihrer Computerumgebung mit Viren, ist ausgeschlossen.<\/p>\n<p><a id=\"eztoc239559_0_2\" name=\"eztoc239559_0_2\"><\/a><\/p>\n<h3>Links zu anderen Webseiten<\/h3>\n<p>Verkn\u00fcpfungen (&#8220;Links&#8221;) zu Webseiten Dritter werden Ihnen als zus\u00e4tzlicher Service zur Verf\u00fcgung gestellt. Diese Webseiten sind vollkommen unabh\u00e4ngig und liegen au\u00dferhalb der Kontrolle der Schlo\u00df &amp; Sicherheitstechnik Wanzel Erwin e. K.\u00a0 Die Schlo\u00df &amp; Sicherheitstechnik Wanzel Erwin e. K. \u00fcbernimmt keine Gew\u00e4hrleistung f\u00fcr die Inhalte irgendeiner dieser Webseiten Dritter, auf die Sie \u00fcber die &#8220;Schlo\u00df &amp; Sicherheitstechnik Wanzel Erwin e. K. Webseite&#8221; zugreifen, und \u00fcbernimmt keinerlei Verantwortung f\u00fcr den Inhalt oder die Nutzung solcher Webseiten.<\/p>\n<p><a id=\"eztoc239559_0_3\" name=\"eztoc239559_0_3\"><\/a><\/p>\n<h3>Rechtswirksamkeit dieses Haftungsausschlusses<\/h3>\n<p>Dieser Haftungsausschluss ist als Teil des Internetangebotes zu betrachten, von dem aus auf diese Seite verwiesen wurde. Sofern Teile oder einzelne Formulierungen dieses Textes der geltenden Rechtslage nicht, nicht mehr oder nicht vollst\u00e4ndig entsprechen sollten, bleiben die \u00fcbrigen Teile des Dokumentes in ihrem Inhalt und ihrer G\u00fcltigkeit davon unber\u00fchrt.<\/p>\n<p><a id=\"eztoc239559_1\" name=\"eztoc239559_1\"><\/a><\/p>\n<h3>Bildnachweise<\/h3>\n<p>WILKA Schlie\u00dftechnik GmbH\u00a0Bildquelle: Roman Bracht Fotografie\/ Fotolia.de (\u00a9 Jakub Jirs\u00e1k, Gundolf Renze, kegfire, Stockwerk-Fotodesign, ALDECAstudio)<\/p>\n<\/div>\n<p>[\/vc_column_text][\/vc_column][\/vc_row][vc_row type=&#8221;container&#8221;][vc_column][vc_empty_space height=&#8221;40&#8243;][\/vc_column][\/vc_row][vc_row type=&#8221;container&#8221;][vc_column][vc_empty_space height=&#8221;46&#8243;][\/vc_column][\/vc_row]<\/p>\n<\/section>","protected":false},"excerpt":{"rendered":"<p>[vc_row type=&#8221;boxed&#8221;][vc_column][vc_empty_space height=&#8221;47px&#8221;][\/vc_column][\/vc_row][vc_row type=&#8221;boxed&#8221;][vc_column width=&#8221;1\/4&#8243; offset=&#8221;vc_col-sm-offset-1&#8243;][vc_column_text] Impressum [\/vc_column_text][vc_empty_space height=&#8221;17px&#8221;][\/vc_column][vc_column width=&#8221;7\/12&#8243;][vc_column_text] Schlo\u00df &amp; Sicherheitstechnik Wanzel Erwin e. K. S\u00fcdtiroler Stra\u00dfe 25 86165 Augsburg Telefon: +49 821 722020 Telefax: +49 821\u00a0 722018 Internet: www.sst-augsburg.de E-Mail: sicherheit@sst-augsburg.de USt-IdNr.\u00a0DE302142519 Haftungshinweis: F\u00fcr den Inhalt der verlinkten Seiten sind ausschlie\u00dflich deren Betreiber verantwortlich. Verwendung der Webseite Die Informationen auf der Webseite [&hellip;]<\/p>\n","protected":false},"author":1,"featured_media":0,"parent":0,"menu_order":0,"comment_status":"closed","ping_status":"closed","template":"","meta":{"_acf_changed":false,"footnotes":""},"class_list":["post-358","page","type-page","status-publish","hentry"],"acf":[],"yoast_head":"<!-- This site is optimized with the Yoast SEO plugin v27.4 - https:\/\/yoast.com\/product\/yoast-seo-wordpress\/ -->\n<title>Impressum - Schlo\u00df- und Sicherheitstechnik Wanzel Erwin e.K.<\/title>\n<meta name=\"robots\" content=\"index, follow, max-snippet:-1, max-image-preview:large, max-video-preview:-1\" \/>\n<link rel=\"canonical\" href=\"https:\/\/sst-augsburg.de\/cms\/impressum\/\" \/>\n<meta property=\"og:locale\" content=\"de_DE\" \/>\n<meta property=\"og:type\" content=\"article\" \/>\n<meta property=\"og:title\" content=\"Impressum - Schlo\u00df- und Sicherheitstechnik Wanzel Erwin e.K.\" \/>\n<meta property=\"og:description\" content=\"[vc_row type=&#8221;boxed&#8221;][vc_column][vc_empty_space height=&#8221;47px&#8221;][\/vc_column][\/vc_row][vc_row type=&#8221;boxed&#8221;][vc_column width=&#8221;1\/4&#8243; offset=&#8221;vc_col-sm-offset-1&#8243;][vc_column_text] Impressum [\/vc_column_text][vc_empty_space height=&#8221;17px&#8221;][\/vc_column][vc_column width=&#8221;7\/12&#8243;][vc_column_text] Schlo\u00df &amp; Sicherheitstechnik Wanzel Erwin e. K. S\u00fcdtiroler Stra\u00dfe 25 86165 Augsburg Telefon: +49 821 722020 Telefax: +49 821\u00a0 722018 Internet: www.sst-augsburg.de E-Mail: sicherheit@sst-augsburg.de USt-IdNr.\u00a0DE302142519 Haftungshinweis: F\u00fcr den Inhalt der verlinkten Seiten sind ausschlie\u00dflich deren Betreiber verantwortlich. Verwendung der Webseite Die Informationen auf der Webseite [&hellip;]\" \/>\n<meta property=\"og:url\" content=\"https:\/\/sst-augsburg.de\/cms\/impressum\/\" \/>\n<meta property=\"og:site_name\" content=\"Schlo\u00df- und Sicherheitstechnik Wanzel Erwin e.K.\" \/>\n<meta property=\"article:modified_time\" content=\"2018-06-04T13:46:34+00:00\" \/>\n<meta name=\"twitter:card\" content=\"summary_large_image\" \/>\n<meta name=\"twitter:label1\" content=\"Gesch\u00e4tzte Lesezeit\" \/>\n\t<meta name=\"twitter:data1\" content=\"2\u00a0Minuten\" \/>\n<script type=\"application\/ld+json\" class=\"yoast-schema-graph\">{\"@context\":\"https:\\\/\\\/schema.org\",\"@graph\":[{\"@type\":\"WebPage\",\"@id\":\"https:\\\/\\\/sst-augsburg.de\\\/cms\\\/impressum\\\/\",\"url\":\"https:\\\/\\\/sst-augsburg.de\\\/cms\\\/impressum\\\/\",\"name\":\"Impressum - Schlo\u00df- und Sicherheitstechnik Wanzel Erwin e.K.\",\"isPartOf\":{\"@id\":\"https:\\\/\\\/sst-augsburg.de\\\/cms\\\/#website\"},\"datePublished\":\"2015-08-12T12:27:19+00:00\",\"dateModified\":\"2018-06-04T13:46:34+00:00\",\"breadcrumb\":{\"@id\":\"https:\\\/\\\/sst-augsburg.de\\\/cms\\\/impressum\\\/#breadcrumb\"},\"inLanguage\":\"de\",\"potentialAction\":[{\"@type\":\"ReadAction\",\"target\":[\"https:\\\/\\\/sst-augsburg.de\\\/cms\\\/impressum\\\/\"]}]},{\"@type\":\"BreadcrumbList\",\"@id\":\"https:\\\/\\\/sst-augsburg.de\\\/cms\\\/impressum\\\/#breadcrumb\",\"itemListElement\":[{\"@type\":\"ListItem\",\"position\":1,\"name\":\"Startseite\",\"item\":\"https:\\\/\\\/sst-augsburg.de\\\/cms\\\/\"},{\"@type\":\"ListItem\",\"position\":2,\"name\":\"Impressum\"}]},{\"@type\":\"WebSite\",\"@id\":\"https:\\\/\\\/sst-augsburg.de\\\/cms\\\/#website\",\"url\":\"https:\\\/\\\/sst-augsburg.de\\\/cms\\\/\",\"name\":\"Schlo\u00df- und Sicherheitstechnik Wanzel Erwin e.K.\",\"description\":\"Schlie\u00dfanlagen, Sicherheitstechnik, Schl\u00fcsseldienst, Schlossereiarbeiten\",\"potentialAction\":[{\"@type\":\"SearchAction\",\"target\":{\"@type\":\"EntryPoint\",\"urlTemplate\":\"https:\\\/\\\/sst-augsburg.de\\\/cms\\\/?s={search_term_string}\"},\"query-input\":{\"@type\":\"PropertyValueSpecification\",\"valueRequired\":true,\"valueName\":\"search_term_string\"}}],\"inLanguage\":\"de\"}]}<\/script>\n<!-- \/ Yoast SEO plugin. -->","yoast_head_json":{"title":"Impressum - Schlo\u00df- und Sicherheitstechnik Wanzel Erwin e.K.","robots":{"index":"index","follow":"follow","max-snippet":"max-snippet:-1","max-image-preview":"max-image-preview:large","max-video-preview":"max-video-preview:-1"},"canonical":"https:\/\/sst-augsburg.de\/cms\/impressum\/","og_locale":"de_DE","og_type":"article","og_title":"Impressum - Schlo\u00df- und Sicherheitstechnik Wanzel Erwin e.K.","og_description":"[vc_row type=&#8221;boxed&#8221;][vc_column][vc_empty_space height=&#8221;47px&#8221;][\/vc_column][\/vc_row][vc_row type=&#8221;boxed&#8221;][vc_column width=&#8221;1\/4&#8243; offset=&#8221;vc_col-sm-offset-1&#8243;][vc_column_text] Impressum [\/vc_column_text][vc_empty_space height=&#8221;17px&#8221;][\/vc_column][vc_column width=&#8221;7\/12&#8243;][vc_column_text] Schlo\u00df &amp; Sicherheitstechnik Wanzel Erwin e. K. S\u00fcdtiroler Stra\u00dfe 25 86165 Augsburg Telefon: +49 821 722020 Telefax: +49 821\u00a0 722018 Internet: www.sst-augsburg.de E-Mail: sicherheit@sst-augsburg.de USt-IdNr.\u00a0DE302142519 Haftungshinweis: F\u00fcr den Inhalt der verlinkten Seiten sind ausschlie\u00dflich deren Betreiber verantwortlich. Verwendung der Webseite Die Informationen auf der Webseite [&hellip;]","og_url":"https:\/\/sst-augsburg.de\/cms\/impressum\/","og_site_name":"Schlo\u00df- und Sicherheitstechnik Wanzel Erwin e.K.","article_modified_time":"2018-06-04T13:46:34+00:00","twitter_card":"summary_large_image","twitter_misc":{"Gesch\u00e4tzte Lesezeit":"2\u00a0Minuten"},"schema":{"@context":"https:\/\/schema.org","@graph":[{"@type":"WebPage","@id":"https:\/\/sst-augsburg.de\/cms\/impressum\/","url":"https:\/\/sst-augsburg.de\/cms\/impressum\/","name":"Impressum - Schlo\u00df- und Sicherheitstechnik Wanzel Erwin e.K.","isPartOf":{"@id":"https:\/\/sst-augsburg.de\/cms\/#website"},"datePublished":"2015-08-12T12:27:19+00:00","dateModified":"2018-06-04T13:46:34+00:00","breadcrumb":{"@id":"https:\/\/sst-augsburg.de\/cms\/impressum\/#breadcrumb"},"inLanguage":"de","potentialAction":[{"@type":"ReadAction","target":["https:\/\/sst-augsburg.de\/cms\/impressum\/"]}]},{"@type":"BreadcrumbList","@id":"https:\/\/sst-augsburg.de\/cms\/impressum\/#breadcrumb","itemListElement":[{"@type":"ListItem","position":1,"name":"Startseite","item":"https:\/\/sst-augsburg.de\/cms\/"},{"@type":"ListItem","position":2,"name":"Impressum"}]},{"@type":"WebSite","@id":"https:\/\/sst-augsburg.de\/cms\/#website","url":"https:\/\/sst-augsburg.de\/cms\/","name":"Schlo\u00df- und Sicherheitstechnik Wanzel Erwin e.K.","description":"Schlie\u00dfanlagen, Sicherheitstechnik, Schl\u00fcsseldienst, Schlossereiarbeiten","potentialAction":[{"@type":"SearchAction","target":{"@type":"EntryPoint","urlTemplate":"https:\/\/sst-augsburg.de\/cms\/?s={search_term_string}"},"query-input":{"@type":"PropertyValueSpecification","valueRequired":true,"valueName":"search_term_string"}}],"inLanguage":"de"}]}},"_links":{"self":[{"href":"https:\/\/sst-augsburg.de\/cms\/wp-json\/wp\/v2\/pages\/358","targetHints":{"allow":["GET"]}}],"collection":[{"href":"https:\/\/sst-augsburg.de\/cms\/wp-json\/wp\/v2\/pages"}],"about":[{"href":"https:\/\/sst-augsburg.de\/cms\/wp-json\/wp\/v2\/types\/page"}],"author":[{"embeddable":true,"href":"https:\/\/sst-augsburg.de\/cms\/wp-json\/wp\/v2\/users\/1"}],"replies":[{"embeddable":true,"href":"https:\/\/sst-augsburg.de\/cms\/wp-json\/wp\/v2\/comments?post=358"}],"version-history":[{"count":16,"href":"https:\/\/sst-augsburg.de\/cms\/wp-json\/wp\/v2\/pages\/358\/revisions"}],"predecessor-version":[{"id":71470,"href":"https:\/\/sst-augsburg.de\/cms\/wp-json\/wp\/v2\/pages\/358\/revisions\/71470"}],"wp:attachment":[{"href":"https:\/\/sst-augsburg.de\/cms\/wp-json\/wp\/v2\/media?parent=358"}],"curies":[{"name":"wp","href":"https:\/\/api.w.org\/{rel}","templated":true}]}}