{"id":71047,"date":"2015-10-09T17:24:05","date_gmt":"2015-10-09T17:24:05","guid":{"rendered":"http:\/\/broker.commercegurus.com\/?page_id=141"},"modified":"2018-10-24T10:24:08","modified_gmt":"2018-10-24T10:24:08","slug":"einbruchschutz","status":"publish","type":"page","link":"http:\/\/sst-augsburg.de\/cms\/service-2\/einbruchschutz\/","title":{"rendered":"Einbruchschutzsysteme"},"content":{"rendered":"<section class=\"wpb-content-wrapper\"><p>[vc_row type=&#8221;container&#8221; padding_top=&#8221;&#8221; padding_bottom=&#8221;&#8221; css=&#8221;.vc_custom_1449062960012{margin-bottom: 20px !important;}&#8221;][vc_column width=&#8221;1\/2&#8243;][vc_column_text]Um Ihr Haus oder Ihre Wohnung optimal gegen Einbruch zu sch\u00fctzen, kommen wir gerne unverbindlich vorbei und beraten Sie vor Ort.<\/p>\n<p>Anschlie\u00dfend lasssen wir Ihnen ein f\u00fcr Sie kostenloses Angebot zukommen. Wir zeigen Ihnen auch gerne in unserer Ausstellung verschiedene Fenster-\/T\u00fcrsicherungen der Firma ABUS im Nachr\u00fcstbereich. Diese sind VdS verifiziert und DIN gepr\u00fcft, d. h. definierte Sicherheit: S\u00e4mtliche Sicherungen halten \u00fcber 1 Tonne Druckwinderstand aus.<\/p>\n<p>Verwenden Sie hierzu gerne unser Kontaktformular oder rufen Sie bei uns an.<\/p>\n<p>Hierzu noch ein Tipp: Die KFW-Bank f\u00f6rdert die Nachr\u00fcstung mit 10 % der Auftragssumme. D. h. Sie bekommen 10% der Gesamtkosten der Hausabsicherung erstattet. Das Formular dazu finden Sie unter unseren Downloads.[\/vc_column_text][\/vc_column][vc_column width=&#8221;1\/2&#8243;][vc_single_image image=&#8221;71278&#8243; img_size=&#8221;full&#8221; add_caption=&#8221;yes&#8221; onclick=&#8221;link_image&#8221;][vc_single_image image=&#8221;71279&#8243;][vc_single_image image=&#8221;71494&#8243; img_size=&#8221;full&#8221;][\/vc_column][\/vc_row][vc_row type=&#8221;container&#8221; padding_top=&#8221;&#8221; padding_bottom=&#8221;&#8221; css=&#8221;.vc_custom_1444504142602{margin-bottom: 0px !important;}&#8221;][vc_column][vc_separator color=&#8221;#e2e2e2&#8243; type=&#8221;normal&#8221; thickness=&#8221;1&#8243; up=&#8221;&#8221; down=&#8221;&#8221; el_class=&#8221;dotted&#8221;][\/vc_column][\/vc_row][vc_row type=&#8221;container&#8221; padding_top=&#8221;&#8221; padding_bottom=&#8221;&#8221; css=&#8221;.vc_custom_1449062969962{margin-bottom: 50px !important;}&#8221;][vc_column][vc_tta_tabs style=&#8221;flat&#8221; active_section=&#8221;1&#8243;][vc_tta_section title=&#8221;Schwachstellen&#8221; tab_id=&#8221;1444300654474-2bfb86dc-fd3a&#8221;][vc_column_text]<\/p>\n<h2>Einbruchschutz beginnt an der Grundst\u00fccksgrenze<\/h2>\n<p>Die Sicherheit Ihrer vier W\u00e4nde beginnt bereits an der Grundst\u00fccksgrenze. Denn auch hier zeigt sich f\u00fcr einen potentiellen Einbrecher, ob er bei Ihrem Objekt leichtes Spiel haben wird.<\/p>\n<ul class=\"ul_lefttrim\">\n<li>Ist eine Gegensprechanlage installiert?<\/li>\n<li>Besteht Sichtverbindung vom Haus zu Besuchern, die an der Garten- oder Hoft\u00fcr klingeln?<\/li>\n<li>Ist das Grundst\u00fcck hinreichend durch Au\u00dfenlicht ausgeleuchtet?<\/li>\n<li>L\u00e4sst sich das Au\u00dfenlicht nur von innen ausschalten?<\/li>\n<li>Sind die Zuleitungen f\u00fcr das Au\u00dfenlicht schwer zug\u00e4nglich?<\/li>\n<li>Sind vor allem die Eing\u00e4nge des Hauses ausreichend beleuchtet?<\/li>\n<li>Sind eventuelle Kletterhilfen \u2013 wie Leitern, Tonnen u. \u00c4. \u2013\u00a0weggeschlossen bzw. angekettet?<\/li>\n<\/ul>\n<p>[\/vc_column_text][\/vc_tta_section][vc_tta_section title=&#8221;Fenstersicherheit&#8221; tab_id=&#8221;1444300654691-e081e086-5ad3&#8243;][vc_column_text]<\/p>\n<h2>Sicherheit f\u00fcr Ihre Fenster<\/h2>\n<p>Bei der Absicherung von Fenstern gibt es eine Unterscheidung zwischen Sicherungssystemen, die in einem Produkt den Schutz beider Seiten eines Fensters (der sogenannten Schlie\u00df- und Bandseite) regeln, und dem individuellen Schutz beider Seiten mit einzelnen Produkten.<\/p>\n<p>Je nach Montagesituation bieten sich verschiedene M\u00f6glichkeiten zur Absicherung von Fenster und Terrassent\u00fcren an.<\/p>\n<p>[\/vc_column_text][\/vc_tta_section][vc_tta_section title=&#8221;T\u00fcrsicherheit&#8221; tab_id=&#8221;1447253859257-00754f03-0b93&#8243;][vc_column_text]<\/p>\n<h2>Einbruchschutz bietet auch Anwesenheitsschutz<\/h2>\n<p>Ganoven und Einbrecher kommen nicht nur, wenn Sie au\u00dfer Haus sind. Neben dem Einbruchschutz bietet nachr\u00fcstbare Sicherungstechnik einen weiteren entscheidenden Vorteil: Sie dient dem Anwesenheitsschutz. Dieser kann Sie vor Raub\u00fcberf\u00e4llen in den eigenen vier W\u00e4nden ebenso wie vor Trickbetrug oder zwielichtigen Gesch\u00e4ften an der Haust\u00fcr bewahren.<br \/>\nL\u00f6sungen bieten hier z. B. Panzerriegelschl\u00f6sser oder T\u00fcrzusatzschl\u00f6sser, die mit einem Sperrb\u00fcgel ausger\u00fcstet sind und Ihnen so das spaltbreite \u00d6ffnen der T\u00fcr erlauben. Dies ist auch ideal zum Entgegennehmen kleinerer Gegenst\u00e4nde oder f\u00fcr das Gespr\u00e4ch mit einem Unbekannten.[\/vc_column_text][\/vc_tta_section][vc_tta_section title=&#8221;Urlaub&#8221; tab_id=&#8221;1516016792217-f9a8d906-c97b&#8221;][vc_column_text]<\/p>\n<div class=\"col-xs-12 col-sm-6 col-md-6 col-lg-6 \">\n<h2>Sch\u00fctzen Sie Haus und Wohnung w\u00e4hrend Ihrer Abwesenheit vor Einbrechern!<\/h2>\n<p>Einbrecher haben zwar immer \u201eSaison\u201c, doch bietet die Abwesenheit der Bewohner oft eine g\u00fcnstige Gelegenheit f\u00fcr einen Einbruch. Vermeiden Sie daher eindeutige Zeichen, an denen ein Einbrecher erkennt, dass ein Haus oder eine Wohnung unbewohnt ist. Eine Hilfestellung f\u00fcr Ihren sicheren Urlaub bietet unsere Urlaubscheckliste. Wenn Sie diese einfachen Ratschl\u00e4ge befolgen, k\u00f6nnen Sie daf\u00fcr sorgen, dass Sie nach Ihrem Urlaub keine b\u00f6se \u00dcberraschung erleben.<\/p>\n<\/div>\n<div class=\"clearfix\"><\/div>\n<p>[\/vc_column_text][\/vc_tta_section][\/vc_tta_tabs][\/vc_column][\/vc_row][vc_row type=&#8221;container&#8221;][vc_column][\/vc_column][\/vc_row]<\/p>\n<\/section>","protected":false},"excerpt":{"rendered":"<p>[vc_row type=&#8221;container&#8221; padding_top=&#8221;&#8221; padding_bottom=&#8221;&#8221; css=&#8221;.vc_custom_1449062960012{margin-bottom: 20px !important;}&#8221;][vc_column width=&#8221;1\/2&#8243;][vc_column_text]Um Ihr Haus oder Ihre Wohnung optimal gegen Einbruch zu sch\u00fctzen, kommen wir gerne unverbindlich vorbei und beraten Sie vor Ort. Anschlie\u00dfend lasssen wir Ihnen ein f\u00fcr Sie kostenloses Angebot zukommen. Wir zeigen Ihnen auch gerne in unserer Ausstellung verschiedene Fenster-\/T\u00fcrsicherungen der Firma ABUS im Nachr\u00fcstbereich. Diese sind [&hellip;]<\/p>\n","protected":false},"author":1,"featured_media":70700,"parent":71030,"menu_order":3,"comment_status":"closed","ping_status":"closed","template":"","meta":{"_acf_changed":false,"footnotes":""},"class_list":["post-71047","page","type-page","status-publish","has-post-thumbnail","hentry"],"acf":[],"yoast_head":"<!-- This site is optimized with the Yoast SEO plugin v27.4 - https:\/\/yoast.com\/product\/yoast-seo-wordpress\/ -->\n<title>Einbruchschutzsysteme - Schlo\u00df- und Sicherheitstechnik Wanzel Erwin e.K.<\/title>\n<meta name=\"description\" content=\"The discovery and design of new materials, with an emphasis on solids.\" \/>\n<meta name=\"robots\" content=\"index, follow, max-snippet:-1, max-image-preview:large, max-video-preview:-1\" \/>\n<link rel=\"canonical\" href=\"https:\/\/sst-augsburg.de\/cms\/service-2\/einbruchschutz\/\" \/>\n<meta property=\"og:locale\" content=\"de_DE\" \/>\n<meta property=\"og:type\" content=\"article\" \/>\n<meta property=\"og:title\" content=\"Einbruchschutzsysteme - Schlo\u00df- und Sicherheitstechnik Wanzel Erwin e.K.\" \/>\n<meta property=\"og:description\" content=\"The discovery and design of new materials, with an emphasis on solids.\" \/>\n<meta property=\"og:url\" content=\"https:\/\/sst-augsburg.de\/cms\/service-2\/einbruchschutz\/\" \/>\n<meta property=\"og:site_name\" content=\"Schlo\u00df- und Sicherheitstechnik Wanzel Erwin e.K.\" \/>\n<meta property=\"article:modified_time\" content=\"2018-10-24T10:24:08+00:00\" \/>\n<meta name=\"twitter:card\" content=\"summary_large_image\" \/>\n<meta name=\"twitter:label1\" content=\"Gesch\u00e4tzte Lesezeit\" \/>\n\t<meta name=\"twitter:data1\" content=\"3\u00a0Minuten\" \/>\n<script type=\"application\/ld+json\" class=\"yoast-schema-graph\">{\"@context\":\"https:\\\/\\\/schema.org\",\"@graph\":[{\"@type\":\"WebPage\",\"@id\":\"https:\\\/\\\/sst-augsburg.de\\\/cms\\\/service-2\\\/einbruchschutz\\\/\",\"url\":\"https:\\\/\\\/sst-augsburg.de\\\/cms\\\/service-2\\\/einbruchschutz\\\/\",\"name\":\"Einbruchschutzsysteme - Schlo\u00df- und Sicherheitstechnik Wanzel Erwin e.K.\",\"isPartOf\":{\"@id\":\"https:\\\/\\\/sst-augsburg.de\\\/cms\\\/#website\"},\"primaryImageOfPage\":{\"@id\":\"https:\\\/\\\/sst-augsburg.de\\\/cms\\\/service-2\\\/einbruchschutz\\\/#primaryimage\"},\"image\":{\"@id\":\"https:\\\/\\\/sst-augsburg.de\\\/cms\\\/service-2\\\/einbruchschutz\\\/#primaryimage\"},\"thumbnailUrl\":\"\",\"datePublished\":\"2015-10-09T17:24:05+00:00\",\"dateModified\":\"2018-10-24T10:24:08+00:00\",\"description\":\"The discovery and design of new materials, with an emphasis on solids.\",\"breadcrumb\":{\"@id\":\"https:\\\/\\\/sst-augsburg.de\\\/cms\\\/service-2\\\/einbruchschutz\\\/#breadcrumb\"},\"inLanguage\":\"de\",\"potentialAction\":[{\"@type\":\"ReadAction\",\"target\":[\"https:\\\/\\\/sst-augsburg.de\\\/cms\\\/service-2\\\/einbruchschutz\\\/\"]}]},{\"@type\":\"ImageObject\",\"inLanguage\":\"de\",\"@id\":\"https:\\\/\\\/sst-augsburg.de\\\/cms\\\/service-2\\\/einbruchschutz\\\/#primaryimage\",\"url\":\"\",\"contentUrl\":\"\"},{\"@type\":\"BreadcrumbList\",\"@id\":\"https:\\\/\\\/sst-augsburg.de\\\/cms\\\/service-2\\\/einbruchschutz\\\/#breadcrumb\",\"itemListElement\":[{\"@type\":\"ListItem\",\"position\":1,\"name\":\"Startseite\",\"item\":\"https:\\\/\\\/sst-augsburg.de\\\/cms\\\/\"},{\"@type\":\"ListItem\",\"position\":2,\"name\":\"Solutions\",\"item\":\"https:\\\/\\\/sst-augsburg.de\\\/cms\\\/service-2\\\/\"},{\"@type\":\"ListItem\",\"position\":3,\"name\":\"Einbruchschutzsysteme\"}]},{\"@type\":\"WebSite\",\"@id\":\"https:\\\/\\\/sst-augsburg.de\\\/cms\\\/#website\",\"url\":\"https:\\\/\\\/sst-augsburg.de\\\/cms\\\/\",\"name\":\"Schlo\u00df- und Sicherheitstechnik Wanzel Erwin e.K.\",\"description\":\"Schlie\u00dfanlagen, Sicherheitstechnik, Schl\u00fcsseldienst, Schlossereiarbeiten\",\"potentialAction\":[{\"@type\":\"SearchAction\",\"target\":{\"@type\":\"EntryPoint\",\"urlTemplate\":\"https:\\\/\\\/sst-augsburg.de\\\/cms\\\/?s={search_term_string}\"},\"query-input\":{\"@type\":\"PropertyValueSpecification\",\"valueRequired\":true,\"valueName\":\"search_term_string\"}}],\"inLanguage\":\"de\"}]}<\/script>\n<!-- \/ Yoast SEO plugin. -->","yoast_head_json":{"title":"Einbruchschutzsysteme - Schlo\u00df- und Sicherheitstechnik Wanzel Erwin e.K.","description":"The discovery and design of new materials, with an emphasis on solids.","robots":{"index":"index","follow":"follow","max-snippet":"max-snippet:-1","max-image-preview":"max-image-preview:large","max-video-preview":"max-video-preview:-1"},"canonical":"https:\/\/sst-augsburg.de\/cms\/service-2\/einbruchschutz\/","og_locale":"de_DE","og_type":"article","og_title":"Einbruchschutzsysteme - Schlo\u00df- und Sicherheitstechnik Wanzel Erwin e.K.","og_description":"The discovery and design of new materials, with an emphasis on solids.","og_url":"https:\/\/sst-augsburg.de\/cms\/service-2\/einbruchschutz\/","og_site_name":"Schlo\u00df- und Sicherheitstechnik Wanzel Erwin e.K.","article_modified_time":"2018-10-24T10:24:08+00:00","twitter_card":"summary_large_image","twitter_misc":{"Gesch\u00e4tzte Lesezeit":"3\u00a0Minuten"},"schema":{"@context":"https:\/\/schema.org","@graph":[{"@type":"WebPage","@id":"https:\/\/sst-augsburg.de\/cms\/service-2\/einbruchschutz\/","url":"https:\/\/sst-augsburg.de\/cms\/service-2\/einbruchschutz\/","name":"Einbruchschutzsysteme - Schlo\u00df- und Sicherheitstechnik Wanzel Erwin e.K.","isPartOf":{"@id":"https:\/\/sst-augsburg.de\/cms\/#website"},"primaryImageOfPage":{"@id":"https:\/\/sst-augsburg.de\/cms\/service-2\/einbruchschutz\/#primaryimage"},"image":{"@id":"https:\/\/sst-augsburg.de\/cms\/service-2\/einbruchschutz\/#primaryimage"},"thumbnailUrl":"","datePublished":"2015-10-09T17:24:05+00:00","dateModified":"2018-10-24T10:24:08+00:00","description":"The discovery and design of new materials, with an emphasis on solids.","breadcrumb":{"@id":"https:\/\/sst-augsburg.de\/cms\/service-2\/einbruchschutz\/#breadcrumb"},"inLanguage":"de","potentialAction":[{"@type":"ReadAction","target":["https:\/\/sst-augsburg.de\/cms\/service-2\/einbruchschutz\/"]}]},{"@type":"ImageObject","inLanguage":"de","@id":"https:\/\/sst-augsburg.de\/cms\/service-2\/einbruchschutz\/#primaryimage","url":"","contentUrl":""},{"@type":"BreadcrumbList","@id":"https:\/\/sst-augsburg.de\/cms\/service-2\/einbruchschutz\/#breadcrumb","itemListElement":[{"@type":"ListItem","position":1,"name":"Startseite","item":"https:\/\/sst-augsburg.de\/cms\/"},{"@type":"ListItem","position":2,"name":"Solutions","item":"https:\/\/sst-augsburg.de\/cms\/service-2\/"},{"@type":"ListItem","position":3,"name":"Einbruchschutzsysteme"}]},{"@type":"WebSite","@id":"https:\/\/sst-augsburg.de\/cms\/#website","url":"https:\/\/sst-augsburg.de\/cms\/","name":"Schlo\u00df- und Sicherheitstechnik Wanzel Erwin e.K.","description":"Schlie\u00dfanlagen, Sicherheitstechnik, Schl\u00fcsseldienst, Schlossereiarbeiten","potentialAction":[{"@type":"SearchAction","target":{"@type":"EntryPoint","urlTemplate":"https:\/\/sst-augsburg.de\/cms\/?s={search_term_string}"},"query-input":{"@type":"PropertyValueSpecification","valueRequired":true,"valueName":"search_term_string"}}],"inLanguage":"de"}]}},"_links":{"self":[{"href":"http:\/\/sst-augsburg.de\/cms\/wp-json\/wp\/v2\/pages\/71047","targetHints":{"allow":["GET"]}}],"collection":[{"href":"http:\/\/sst-augsburg.de\/cms\/wp-json\/wp\/v2\/pages"}],"about":[{"href":"http:\/\/sst-augsburg.de\/cms\/wp-json\/wp\/v2\/types\/page"}],"author":[{"embeddable":true,"href":"http:\/\/sst-augsburg.de\/cms\/wp-json\/wp\/v2\/users\/1"}],"replies":[{"embeddable":true,"href":"http:\/\/sst-augsburg.de\/cms\/wp-json\/wp\/v2\/comments?post=71047"}],"version-history":[{"count":12,"href":"http:\/\/sst-augsburg.de\/cms\/wp-json\/wp\/v2\/pages\/71047\/revisions"}],"predecessor-version":[{"id":71172,"href":"http:\/\/sst-augsburg.de\/cms\/wp-json\/wp\/v2\/pages\/71047\/revisions\/71172"}],"up":[{"embeddable":true,"href":"http:\/\/sst-augsburg.de\/cms\/wp-json\/wp\/v2\/pages\/71030"}],"wp:featuredmedia":[{"embeddable":true,"href":"http:\/\/sst-augsburg.de\/cms\/wp-json\/"}],"wp:attachment":[{"href":"http:\/\/sst-augsburg.de\/cms\/wp-json\/wp\/v2\/media?parent=71047"}],"curies":[{"name":"wp","href":"https:\/\/api.w.org\/{rel}","templated":true}]}}